What is the hundred thousands digit of 484181187?
1
What is the millions digit of 25010151?
5
What is the millions digit of 20851205?
0
What is the ten millions digit of 45115206?
4
What is the hundred millions digit of 662998724?
6
What is the hundreds digit of 1353361?
3
What is the units digit of 4806048448?
8
What is the hundred millions digit of 2907573699?
9
What is the millions digit of 4110562072?
0
What is the units digit of 315639155?
5
What is the thousands digit of 121924195?
4
What is the millions digit of 49780327?
9
What is the hundred millions digit of 1236945664?
2
What is the ten millions digit of 96853213?
9
What is the billions digit of 1725699314?
1
What is the ten thousands digit of 476872?
7
What is the thousands digit of 9423241?
3
What is the millions digit of 1171887547?
1
What is the billions digit of 1058739936?
1
What is the hundred millions digit of 677239758?
6
What is the units digit of 90623276?
6
What is the ten millions digit of 95343978?
9
What is the billions digit of 2513888796?
2
What is the thousands digit of 356902248?
2
What is the units digit of 451878802?
2
What is the units digit of 546012703?
3
What is the ten thousands digit of 39404465?
0
What is the units digit of 1064862068?
8
What is the hundreds digit of 434397150?
1
What is the hundreds digit of 2457865483?
4
What is the hundred thousands digit of 8517195?
5
What is the millions digit of 534711473?
4
What is the millions digit of 766701236?
6
What is the hundred thousands digit of 57128928?
1
What is the hundred thousands digit of 51816786?
8
What is the millions digit of 16270198?
6
What is the tens digit of 336303?
0
What is the hundred millions digit of 4651221797?
6
What is the tens digit of 137438637?
3
What is the ten millions digit of 773559573?
7
What is the hundred millions digit of 3637344371?
6
What is the ten thousands digit of 108356021?
5
What is the millions digit of 3414204427?
4
What is the hundreds digit of 450119408?
4
What is the tens digit of 684635673?
7
What is the hundred millions digit of 137248775?
1
What is the billions digit of 2056554606?
2
What is the billions digit of 2028170442?
2
What is the hundreds digit of 1937485278?
2
What is the units digit of 135719079?
9
What is the millions digit of 33568292?
3
What is the ten thousands digit of 166558818?
5
What is the ten thousands digit of 4371537381?
3
What is the thousands digit of 926051788?
1
What is the millions digit of 7495523841?
5
What is the hundreds digit of 4932845820?
8
What is the hundred millions digit of 1676736701?
6
What is the ten thousands digit of 35616761?
1
What is the hundred millions digit of 2145883130?
1
What is the ten thousands digit of 11259751?
5
What is the hundred millions digit of 245807430?
2
What is the ten thousands digit of 404513089?
1
What is the ten thousands digit of 131240398?
4
What is the ten thousands digit of 171490284?
9
What is the ten thousands digit of 65201684?
0
What is the hundred millions digit of 3330893817?
3
What is the thousands digit of 17255961?
5
What is the units digit of 16731625?
5
What is the billions digit of 5421658928?
5
What is the millions digit of 962162266?
2
What is the millions digit of 1490174?
1
What is the ten millions digit of 93672710?
9
What is the millions digit of 74072304?
4
What is the hundred thousands digit of 29162344?
1
What is the hundred millions digit of 177063451?
1
What is the tens digit of 2241889641?
4
What is the millions digit of 22631740?
2
What is the hundred thousands digit of 154059762?
0
What is the hundreds digit of 724034962?
9
What is the tens digit of 78425531?
3
What is the hundreds digit of 435876891?
8
What is the tens digit of 1130068238?
3
What is the thousands digit of 5905584?
5
What is the ten thousands digit of 93949894?
4
What is the tens digit of 255824395?
9
What is the units digit of 557624662?
2
What is the ten millions digit of 59792250?
5
What is the tens digit of 220329894?
9
What is the millions digit of 1878720936?
8
What is the hundred millions digit of 5592913371?
5
What is the ten thousands digit of 355775605?
7
What is the thousands digit of 1252686?
2
What is the ten thousands digit of 258853913?
5
What is the millions digit of 30403672?
0
What is the hundreds digit of 1546287692?
6
What is the ten millions digit of 1738245776?
3
What is the ten thousands digit of 42598894?
9
What is the millions digit of 296246003?
6
What is the hundred millions digit of 144501694?
1
What is the ten millions digit of 72093357?
7
What is the hundreds digit of 24773367?
3
What is the tens digit of 508786288?
8
What is the hundred thousands digit of 9428583?
4
What is the tens digit of 2625087030?
3
What is the hundreds digit of 80164892?
8
What is the hundreds digit of 51017198?
1
What is the hundred millions digit of 137058692?
1
What is the ten thousands digit of 981987654?
8
What is the hundreds digit of 164016203?
2
What is the hundred thousands digit of 16063350?
0
What is the hundred thousands digit of 79410381?
4
What is the hundreds digit of 4832056485?
4
What is the ten millions digit of 1505038221?
0
What is the ten thousands digit of 197772158?
7
What is the units digit of 1512418476?
6
What is the thousands digit of 683997919?
7
What is the ten thousands digit of 185641831?
4
What is the thousands digit of 1061844079?
4
What is the units digit of 101742849?
9
What is the thousands digit of 139276883?
6
What is the hundred millions digit of 1556896464?
5
What is the tens digit of 79156346?
4
What is the millions digit of 2308451460?
8
What is the millions digit of 56665747?
6
What is the thousands digit of 971249891?
9
What is the tens digit of 15097045?
4
What is the units digit of 623588?
8
What is the hundred millions digit of 4135350004?
1
What is the hundreds digit of 418178253?
2
What is the hundreds digit of 24510549?
5
What is the units digit of 3151491282?
2
What is the thousands digit of 809763634?
3
What is the hundred millions digit of 111263604?
1
What is the thousands digit of 652750256?
0
What is the ten millions digit of 44075186?
4
What is the hundreds digit of 21502242?
2
What is the units digit of 50986550?
0
What is the millions digit of 999302542?
9
What is the thousands digit of 314768293?
8
What is the thousands digit of 1837570986?
0
What is the hundred thousands digit of 36374715?
3
What is the thousands digit of 140582075?
2
What is the ten thousands digit of 409945198?
4
What is the units digit of 22639766?
6
What is the millions digit of 105422569?
5
What is the millions digit of 89075046?
9
What is the hundred thousands digit of 57724257?
7
What is the tens digit of 2742642870?
7
What is the hundred thousands digit of 521676237?
6
What is the units digit of 3537145830?
0
What is the hundreds digit of 5025304305?
3
What is the ten millions digit of 68106329?
6
What is the millions digit of 1052227860?
2
What is the tens digit of 837563923?
2
What is the hundred thousands digit of 485666605?
6
What is the hundreds digit of 183456272?
2
What is the hundred millions digit of 1149956568?
1
What is the units digit of 140582850?
0
What is the ten thousands digit of 638210215?
1
What is the ten thousands digit of 91275186?
7
What is the billions digit of 7728765061?
7
What is the ten thousands digit of 1163727290?
2
What is the units digit of 103690907?
7
What is the hundreds digit of 264201436?
4
What is the ten millions digit of 365477946?
6
What is the hundreds digit of 74294283?
2
What is the thousands digit of 131384400?
4
What is the units digit of 2765845306?
6
What is the billions digit of 1890337051?
1
What is the millions digit of 963098345?
3
What is the ten thousands digit of 1431468542?
6
What is the hundred thousands digit of 455535768?
5
What is the tens digit of 39205301?
0
What is the ten millions digit of 1272608106?
7
What is the hundred thousands digit of 336670375?
6
What is the ten millions digit of 1645379317?
4
What is the thousands digit of 1114001151?
1
What is the hundreds digit of 121010755?
7
What is the hundreds digit of 228902562?
5
What is the hundred millions digit of 366988179?
3
What is the tens digit of 3808007?
0
What is the units digit of 3082271487?
7
What is the thousands digit